 prime factors of s?
2, 5
Let a(g) = g**3 + 6*g**2 - 2*g - 6. Let z(t) = -4*t**3 + 2*t**2 - 1. Let y be z(-1). Suppose y*n - 6 = 6*n. List the prime factors of a(n).
2, 3
Suppose -201*c + 1029 = -194*c. What are the prime factors of c?
3, 7
Let t be 408/20 - (-2)/(-5). Suppose -3*c = -2*v - 4, -4*c + 3*v - v = -8. Let s = t + c. What are the prime factors of s?
2, 3
Suppose -8 = -t - 3. Let u = 3 + t. List the prime factors of u.
2
Suppose -9 = 2*x - 15. Suppose -337 = -3*h - x*l + 62, 2*l + 502 = 4*h. Suppose 4*w + h = 8*w. List the prime factors of w.
2
Suppose 13812 = 4*x + 4*s, -13812 = -4*x + 31*s - 30*s. List the prime factors of x.
3, 1151
Let i = -1 - 7. Let y be 12*-5*i/(-12). Let z = -17 - y. List the prime factors of z.
23
Let w = -4 + 17. Let u(g) = -w*g**2 + 18*g**2 - 4 - 4*g**2 - 2*g - 7. List the prime factors of u(-6).
37
Let t(h) = h**3 - h**2. Let b(u) = -5*u**3 - 2*u**2 + 5*u. Let l(c) = b(c) + 2*t(c). List the prime factors of l(-4).
2, 3
Let q(z) = -957*z - 6. List the prime factors of q(-1).
3, 317
Let q = 5806 + -1103. What are the prime factors of q?
4703
Suppose 3*q - 3 = -39. Let t be (6/(-18))/(2/q). Suppose 5*d = -x + 122, t*d + 3*x = 3*d - 18. List the prime factors of d.
2, 3
Let d = 36 - -21. Suppose 4*v = v + d. Let r = v + 51. List the prime factors of r.
2, 5, 7
Let o(i) = 9*i**2 - 7*i + 64. What are the prime factors of o(-8)?
2, 3, 29
List the prime factors of (15/(-45))/((-74060)/(-37032) - 2).
2, 1543
Let q = -12 + 14. Suppose q*t = 3*t - 2. Suppose 0 = 4*f - f + 3*i - 30, 4*f - 10 = t*i. What are the prime factors of f?
5
What are the prime factors of (-6997)/(-7) + 88/(-154)?
3, 37
Let j = -292 - -634. Let f = -162 + j. What are the prime factors of f?
2, 3, 5
Suppose -36*o = -9282 - 27222. What are the prime factors of o?
2, 3, 13
Let b(g) = g**3 - 15*g**2 - 14*g - 4. Let h be b(16). List the prime factors of h + 12/(-2 - 1).
2, 3
Let u(i) = -2*i**3 - 4*i**2 - 5*i. Suppose 6*f - 13 = -37. List the prime factors of u(f).
2, 3, 7
Suppose v - 4*r = -242 + 668, -2*r + 450 = v. What are the prime factors of v?
2, 13, 17
Let o(i) = -6*i**3 + 18*i**2 + 11*i - 1. Let m(z) = -5*z**3 + 17*z**2 + 10*z - 2. Let x(y) = 5*m(y) - 4*o(y). List the prime factors of x(13).
2, 3
List the prime factors of 12/32 - (-16350)/48.
11, 31
Let y = -121 + 262. Suppose 2*r = -z + y, 2*r + 0*z = -4*z + 144. What are the prime factors of r?
2, 5, 7
Let h(g) = g - 1. Let k be h(3). Suppose k*b = 4*b + 4*q - 68, 3*q = 3*b - 93. List the prime factors of b.
2
Let v(y) = y**2 + 7*y - 10. Let u be v(-8). Let n be (-4)/(-8)*u*0. Suppose n*h + 4*h = 108. What are the prime factors of h?
3
Let j = -89 + 149. Suppose j = w + w. What are the prime factors of w + (12/(-3))/4?
29
Let w be ((-32)/24)/(1/(-3)). Suppose -4*m = -2*y - 260, w*y - 20 + 4 = 0. What are the prime factors of m?
67
Let b(i) = -i**3 - i**2 + 5 + 0*i**2 + 6*i + 0*i**3 - 5*i. Let p(v) = -v + 2. Let x be p(2). List the prime factors of b(x).
5
Let f be (48/(-60))/((-1)/150). Suppose -3*z + 372 = -f. List the prime factors of z.
2, 41
Let j be ((-2)/(-3))/(22/132). Let t(i) = 4*i**2 + 7*i - 5. What are the prime factors of t(j)?
3, 29
Let s(u) = 3*u - 4. Let k be s(3). Let v(j) = 3*j**2 + 2*j - 9. List the prime factors of v(k).
2, 19
Let h(c) = -9*c**2 + 0 + 3 - 6*c + 10*c**2. Suppose 3*w + 3*z = 18, 2*w - 3*z - 30 = -w. List the prime factors of h(w).
19
What are the prime factors of -5 - ((-5068)/10 + (-9)/45)?
2, 251
What are the prime factors of (-127548)/24*(0 - (-2)/(-3))?
3, 1181
Let y = 1076 + -486. What are the prime factors of y?
2, 5, 59
Suppose 51*r - 71322 = -2013. What are the prime factors of r?
3, 151
Let q(s) be the first derivative of 4*s**3/3 + 7*s**2 - 2*s - 23. List the prime factors of q(-7).
2, 3
Suppose -s + 13431 = 4*o, -o = -67*s + 68*s - 3360. What are the prime factors of o?
3, 373
Let i = -640 - -778. What are the prime factors of i?
2, 3, 23
Suppose 2*q + 679 = -x + 2*x, -5*q - 1702 = -4*x. Let v = q + 614. List the prime factors of v.
2, 3, 23
Let r be 4 + -1 + (-1 - -1). Let o = 49 + -43. Suppose -g - g - o = -r*x, x = -5*g + 19. What are the prime factors of x?
2
Suppose -21*y + 12360 - 222 = 0. What are the prime factors of y?
2, 17
Suppose -3*m + 183 + 6 = 0. Suppose 0 = m*k - 57*k - 24. List the prime factors of k.
2
Suppose -7*g + 2043 = 2*g. List the prime factors of g.
227
Suppose -j - 17 = -5*x, -3*j + 2 = -5*x + 13. Suppose -2*o + 35 = -j*m, 30 = 5*o - m + 5*m. What are the prime factors of o?
2, 5
Suppose 39 = 3*b + k, -4*b - 3*k = k - 44. Suppose -64*p + 67*p - 36 = 0. Let q = b - p. What are the prime factors of q?
2
Let q = -50 - -50. Suppose q = 3*x + 4*z - 3*z - 216, -3*x + 5*z + 234 = 0. List the prime factors of x.
73
Let j(o) = -94*o - 174. What are the prime factors of j(-9)?
2, 3, 7
Suppose -3 + 12 = -t - 3*y, -3*t = 3*y + 9. List the prime factors of 25 + 1 + -3 + t.
23
List the prime factors of (-64)/(-48)*7308/8.
2, 3, 7, 29
Let y = -292 + 2317. List the prime factors of y.
3, 5
Let p = -185 + 661. What are the prime factors of p?
2, 7, 17
Let i be 426/4*6/9. Suppose -26 + i = -5*k - 5*a, 2*k + a = -22. Let l = k - -21. What are the prime factors of l?
2
Suppose 3*i + 7 = -110. What are the prime factors of (-3 - -1) + (-13)/(i/270)?
2, 11
Suppose 0 = -5*b + 25, b = z - 0*z - 20. Suppose -z*c = -20*c - 680. List the prime factors of c.
2, 17
Let h(q) = 7*q - 7. Let o be h(-5). Let j = 49 + o. List the prime factors of j.
7
Suppose 2*k + 4*k - 246 = 0. What are the prime factors of k?
41
Let v = -24 - -2. Let p be (33/v)/((-6)/4). Suppose -5*c - 25 = -l, 6 - p = -5*c. What are the prime factors of l?
2, 5
Let s = 215 + -65. What are the prime factors of s?
2, 3, 5
Let z be 200*(-4 + 104/20). Suppose -w = 3*w - z. Let n = w - 35. What are the prime factors of n?
5
Let x(i) = -7*i - 10. Let s be x(-4). Let u be ((-9)/s)/(2/(-16)). Suppose -6*r + u*r = -92. What are the prime factors of r?
2, 23
What are the prime factors of -38*(4 + 124/(-8))?
19, 23
Let j = 547 - -95. List the prime factors of j.
2, 3, 107
Let x(p) = p**3 - 5*p**2 - 12*p - 7*p - 4*p**2 + 2*p**2. Let b be x(-13). What are the prime factors of b/(-65) + 8/10?
7
Suppose 4*d + 4*a - 460 = 3992, 0 = 5*d - a - 5553. List the prime factors of d.
11, 101
Suppose 31*t - 36*t + 323 = 4*y, -3*t + 159 = 2*y. List the prime factors of y.
3, 29
Let s(m) = m**2 + 4*m + 4. Let n be s(-3). Let z = n - -32. List the prime factors of z.
3, 11
Suppose -2*d + 2*o - 26 = 0, 0 = -o - o + 2. List the prime factors of 1/3 + (-716)/d.
2, 3, 5
Let g(n) = 5280*n**3 + 3*n**2 - 3*n + 1. What are the prime factors of g(1)?
5281
Let i(w) = -w**3 + 2. Let y be i(0). Suppose -y*d + 0*n = -5*n + 91, d = -2*n - 41. List the prime factors of (-3 - (2 + d)) + -3.
5, 7
Let q(y) = 23*y + 21. List the prime factors of q(1).
2, 11
Let z = -552 + 1223. List the prime factors of z.
11, 61
Let k(z) = 26*z**2 + z + 3. Let v be k(-3). Suppose w + 0*w - 46 = -g, 5*g - v = -w. What are the prime factors of g?
47
Let o(f) = 0*f**2 + 4*f**2 - f**2 - 1 + 11*f**2. What are the prime factors of o(-3)?
5
Let m(l) = -l + 20. Let g be m(16). List the prime factors of 12*(21/g + -1).
3, 17
Suppose 0 = -r + 5*r - 4*p - 36, r - 4*p = 24. Suppose 5*m - r*v - 35 = 3, 2*m - 14 = v. Suppose 0 = -m*o + 90 + 264. List the prime factors of o.
59
Let v = 58 - 68. What are the prime factors of 1 - v/(-9) - (-9455)/45?
2, 3, 5, 7
Let l(b) = 128*b**2 - 7*b - 36. What are the prime factors of l(4)?
2, 31
Suppose -3*i = r - 34, -r = 4*i - 55 + 8. Let w = -10 + i. Suppose -y - 18 = -w*y. List the prime factors of y.
3
Suppose 0 = 3*f - 15 + 9. Let m(u) = 31*u**2 + 8*u - 11. List the prime factors of m(f).
3, 43
What are the prime factors of 21/(-14)*186*(-16)/3?
2, 3, 31
Suppose 12*b + 782 = 3698. What are the prime factors of b?
3
Let h be 2/(0 - 4/(-44)). Suppose 15*g = h*g - 945. What are the prime factors of g?
3, 5
Let k(a) = -7*a + 6. Let w be k(-2). Let y = -7 - w. Let l = y - -34. What are the prime factors of l?
7
Let a be 4/12*(30 - 21). Let r be (-4 - 2)*(-4)/3. Suppose -a*p - 55 = -r*p. List the prime factors of p.
11
Suppose j - 3*j = q + 2, -4*j = q + 6. Let m(o) = -7 + 40*o - 42*o - 2 - 1 + o**3 + 11*o**q. Lis